at is the remainder when u is divided by j?
43
Suppose 22*a = 27*a + 15. Calculate the remainder when 85 is divided by (21 - 19) + a*58/(-3).
25
Let y be ((-16)/6 + 0)*(-36)/16. Let f(j) = 32 - 7 + j**2 - 15 - y*j. Calculate the remainder when f(-6) is divided by 28.
26
Calculate the remainder when -1*(2 - 1)*1*(-16026)/6 is divided by 35.
11
Let h(a) = -92*a + 655. Calculate the remainder when 281 is divided by h(7).
6
Let g(p) = -34*p - 1010. Calculate the remainder when 1607 is divided by g(-30).
7
Let s be (-1 - 3)/((-22)/(-77)). What is the remainder when ((-497)/s)/(4/8) is divided by 38?
33
Let t = 22818 + -22713. Calculate the remainder when 9236 is divided by t.
101
Let k be ((-4)/2)/(13/39). Let o = k + 27. Let v = 0 + o. Calculate the remainder when v is divided by 12.
9
Calculate the remainder when 649 is divided by 3 + (-69)/(-2) + 6/(-12).
20
Suppose -2770 = 4*s - 4*q - 2910, s + q = 59. Let a = -52 + 143. Calculate the remainder when a is divided by s.
44
Let v(f) = 4*f + 3. Suppose 32 - 26 = -3*g. Let i be v(g). Calculate the remainder when (i + 40/4)*39/5 is divided by 8.
7
Let r(x) = 3*x**3 + 16*x**2 - 37*x + 106. Calculate the remainder when r(5) is divided by 53.
7
Let l(w) = 2*w**2 - 17*w + 56. Calculate the remainder when 1886 is divided by l(11).
110
Let a(u) = 3*u**3 + 94*u**2 + 27*u + 48. Calculate the remainder when 416 is divided by a(-31).
72
Suppose o - 3*o - 5*w + 27 = 0, o + w = 9. Let r = 135 - 81. Calculate the remainder when r is divided by (0 - o/(-10)) + 184/10.
16
Let b be (7 - 10) + (344 - 1). Suppose 6*t = 11*t - b. Calculate the remainder when t is divided by (-24)/42 - 996/(-28).
33
Let l(a) = a**3 - 16*a**2 + 127*a - 616. What is the remainder when l(12) is divided by 58?
42
Let s = 29776 + -29749. Suppose 4*o + 6 + 14 = 0, 30 = 5*j - 2*o. Calculate the remainder when s is divided by j.
3
Suppose -5*h + 9*h - 2*r = 76, 4*r = h - 26. Suppose -z + 33 - h = 0. What is the remainder when (9 - 1)*(4 - 1) is divided by z?
9
Calculate the remainder when 2336 is divided by (-381)/9*-3 - ((-12)/6 - -6).
122
Suppose -o + 344 = 3*f, -3*o + 0*f - 5*f + 1016 = 0. Calculate the remainder when o is divided by 114.
104
Suppose 5*u - 2992 = 244*o - 245*o, -1192 = -2*u + 2*o. Calculate the remainder when u is divided by 49.
10
Suppose 4*g = -2*i + 67082, 5*g - 441*i - 83857 = -444*i. Calculate the remainder when g is divided by 69.
68
Suppose -21 = -3*q - 6. Suppose 149*s = 151*s - 8. Suppose -4*h + 12 = s*x, 0 = 20*h - 16*h + 16. Calculate the remainder when x is divided by q.
2
Suppose 0 = 4*z + k - 568, -4*z + 4*k + 222 + 306 = 0. Let u = 18 + 30. What is the remainder when z is divided by u?
44
Let w(o) = -o**2 + 5*o + 137. Calculate the remainder when 9828 is divided by w(-5).
84
Suppose 11362 = -4795*c + 4814*c. Calculate the remainder when c is divided by 150.
148
Let l(b) = -b**3 - 64*b**2 - 402*b + 194. Calculate the remainder when l(-57) is divided by 44.
13
Suppose 88*s - 85*s + 5*v = 6580, s + v = 2190. What is the remainder when 6566 is divided by s?
11
Let k be (-2)/(-3) - 68/(-51). Suppose -j = -2 + 4, 0 = k*w + 3*j. Suppose -w*g + p + 81 = g, -g + 44 = -5*p. Calculate the remainder when g is divided by 11.
8
Suppose -18*j - 6052 = -25186. What is the remainder when j is divided by 13?
10
What is the remainder when 299 is divided by 6*(14900/(-15))/(-20)?
1
Let w = -1 - -5. Suppose -133 = -w*d - 45. Let c = 452502 - 452421. Calculate the remainder when c is divided by d.
15
Calculate the remainder when (13 + -46)/11*2/3*-1423 is divided by 15.
11
Let k be 3/(6/4) - 84/(-2). Suppose -5*h + 154 = -g, -h - 4*g + k = h. What is the remainder when 239 is divided by h?
29
Let d = -884 + 790. Let s = d - -185. What is the remainder when s is divided by 19?
15
Suppose -93*l + 46740 + 19532 = 59*l. What is the remainder when l is divided by 23?
22
Suppose -t - 3*f + 179 = 3*t, -2*t + 87 = f. Let z(n) = -n**2 + n - 113. Let b be z(0). Let l = 90 - b. Calculate the remainder when l is divided by t.
39
Suppose 5*v = -3*f + 6803, -5*f + 11*v + 11360 = 15*v. Calculate the remainder when f is divided by 33.
32
Suppose -3110 = -5*k - 4*c, 29*k - 25*k + 4*c - 2492 = 0. Calculate the remainder when k is divided by 20.
18
Let z(r) = -r**3 + 67*r**2 - 61*r - 325. Calculate the remainder when 642 is divided by z(66).
2
Let c(z) = 31*z - 43. Calculate the remainder when c(8) is divided by 26.
23
Let n = 10216 - 10087. Calculate the remainder when 3870 is divided by n.
0
Suppose 0 = 4*a - l - 63, -a - 17 = -8*l - 118. Let n(c) = -c + 10. Suppose -2*i = -3*i. Calculate the remainder when a is divided by n(i).
3
What is the remainder when 10 - -4 - (-798 - 4) is divided by 264?
24
Let l(i) = 3*i**2 + 21*i - 16. Let o be l(-9). Suppose -o = -10*z + 252. Calculate the remainder when z is divided by 7.
1
Let m(f) = 46*f**2 - 3*f - 2. Calculate the remainder when m(3) is divided by (5 + -4)/(-3) - (-494)/6.
75
Suppose -31*t = 12*t - 145770. Calculate the remainder when t is divided by 53.
51
Let s(z) = 54*z + 7. Let v be s(-1). Let i(y) = 4*y + 350. What is the remainder when i(v) is divided by 43?
33
Suppose 0 = -19*c + 15*c + 24. Suppose 19*g - c*g - 234 = 0. Suppose -6*j = -2*f - j + 56, -j - 140 = -5*f. What is the remainder when f is divided by g?
10
Let f(n) = n**3 + 31*n**2 + 110*n + 67. Let r = -230 + 489. What is the remainder when r is divided by f(-27)?
12
Let n = 9 - -7. Suppose -n*r + 739 = -173. What is the remainder when 455 is divided by r?
56
Suppose 0 = 5*t - z + 602 - 1317, -2*z + 730 = 5*t. Calculate the remainder when t is divided by 104.
40
Suppose 66*k = -86*k + 454495 + 371929. What is the remainder when k is divided by 170?
167
Let c be (50/(-15)*3)/(30/(-36)). Let m(n) = 4*n**2 - 39*n + 32. What is the remainder when m(c) is divided by 72?
68
Let o = 49 + -37. What is the remainder when (-2 - (-22)/(-4))/((-44)/528) is divided by o?
6
Let p = 20 - 22. Let s be ((-50)/(-20))/(p/(-4)). Suppose 42 = s*j - 408. Calculate the remainder when j is divided by 31.
28
Suppose -726 = -2*v - 2*b, b + 984 - 270 = 2*v. Calculate the remainder when 359 is divided by v.
0
What is the remainder when (-1066)/(-2) + (-12 + 8 - -19) + -19 is divided by 21?
4
Let s(v) = v**2 + 5*v + 11. Let x(w) = 9*w - 13 + 5*w - 1146*w**3 + 1145*w**3 - 15*w**2 - 7. Calculate the remainder when s(-8) is divided by x(-16).
11
Suppose -16662*a + 16674*a = 73284. Calculate the remainder when a is divided by 6.
5
Let h(f) = f**2 + 4*f + 5. Let r be h(-5). Suppose -r*v + 7*v = 435. What is the remainder when (1 - v)/(-9 - -10) is divided by 21?
20
Suppose 22*p - 131 = -65. Suppose 4*a = -p*l + 149, 5*a + l - 97 = 81. Calculate the remainder when a is divided by 5.
0
Suppose 0 = 2*g + g - 372. Suppose 107*t + 4*x - 2 = 108*t, -26 = -2*t + 2*x. Calculate the remainder when g is divided by t.
16
Suppose 3*b - 1 = 2*b. Let r be b/5 + 231/(-55). Let n = 25 + r. Calculate the remainder when 82 is divided by n.
19
Suppose -4332 - 848 = 10*n. Let d = 539 + n. What is the remainder when d is divided by 7?
0
What is the remainder when 463 is divided by (0/3 + -2)*-6*(-13795)/(-372)?
18
Suppose 3*b + 5*t - 71 = 0, 32 = -3*b - t + 111. Calculate the remainder when 177 is divided by b.
15
Let b(o) = -7*o**2 + 98*o + 42. Calculate the remainder when 70 is divided by b(14).
28
Let c = 41930 - 41895. Calculate the remainder when 5073 is divided by c.
33
Suppose 4*g - 270 = -3*u, 3*g = -5*u + 139 + 300. What is the remainder when 1201 is divided by u?
83
Suppose -6*h + 3*h = -318. Let w(i) = -1327*i**2 - 67675*i + 124. Calculate the remainder when h is divided by w(-51).
18
Let p be 4/18 - 97305/351. Let s = -233 - p. What is the remainder when s is divided by 9?
8
Let j be (0 - -1 - 0)/(19/(-133)). Let m(s) = 3*s + 30. Let t be m(j). Calculate the remainder when (3/t)/(-2 - (-679)/339) is divided by 30.
23
Suppose 5*y - 25 = -0*y + 357*i - 356*i, 0 = -2*i. Suppose 0*f - 2*f = -4*b + 86, 3 = -f. What is the remainder when b is divided by y?
0
Let k = 17629 - 17600. Calculate the remainder when 735 is divided by k.
10
Suppose -4*x + 2*x - 33 = -149. Calculate the remainder when -2 + (-1 - -116) + -2 is divided by x.
53
Let r(m) = 4*m**2 - 2*m + 2. Let l(o) = -12